 (-12 - (-74 + -7)).
62
What is -8 + (14 - 9) - (6 - 67 - (40 + -25))?
73
-25 + -18 + 18 + 1 - 3
-27
What is the value of -5 + 12 + -13 + (1 + 7 - 0) + 6?
8
What is the value of 184 + -198 + (19 + -15 - (54 - -1))?
-65
What is -5743 + 5795 - (2 + 11 + 0 + -3 - -2)?
40
What is the value of -92 + (-10 + 12 - -29)?
-61
Evaluate 3 - (6 - (27 - ((-3 - -4) + -15))).
38
What is the value of (7 - (-6 - (-24 + -12))) + 13?
-10
Evaluate 9 - (-3 - -10 - 10 - (-13 + 1) - -19).
-19
Calculate 17 - (225 - (125 + -46)).
-129
What is 37 - (55 - 79) - (5 - 1)?
57
What is 11 - (-8 + 63) - (73 - 97)?
-20
-15 + -102 + 85 - 47
-79
Evaluate -68 + (-33 - (-6 + -11) - (-7 + 0 + -7)).
-70
Calculate 132 + -86 + -82 - (19 + 1).
-56
Calculate -52 + (-63 - -101) - ((-105 - 1) + (9 - 7)).
90
Evaluate 12 - ((2 - -20) + (98 - 79)).
-29
-1 + 0 + 5 - (-48 - (148 - 249))
-49
(8 + -14 - -65) + -17 - 20
22
What is the value of -9 + -6 - (-45 + 26) - 49?
-45
What is 11 - (-29 + 30 + (-1 - -2 - 43))?
52
What is the value of (-3 - -4) + -77 + -10 + (33 - 36)?
-89
What is the value of 12 + 1 + (7 - 2 - -12 - (-19 - -40))?
9
Calculate (102 + -255 - -67) + 0 + 14.
-72
What is -73 + (36 - (5 - 12)) - 74?
-104
Evaluate -120 + 1 - (-561 - -291 - -242).
-91
What is -36 - (0 - -2 - ((123 - 55) + -55))?
-25
What is the value of 781 - 764 - (1 + -2 + 8)?
10
(13 - (-17 + 38 + 54)) + (1 - -2)
-59
What is the value of -7 + -3 - 156 - -54?
-112
-3 - -10 - (-560 - -657)
-90
Evaluate 5 + (-59 - (-31 + 5)).
-28
What is the value of (1 - -1) + (1 - 1) - (-29 - 28 - -84)?
-25
Evaluate 114 + -83 + (55 - 48) + (-10 - -1).
29
Calculate (-23 - (-34 + 30)) + 25 - (9 - 1).
-2
Evaluate -144 + -1 - (-2187 - -2061).
-19
What is the value of -3 - (-10 - ((34 - 21) + 21))?
41
What is the value of -39 + (58 - 23) + 35 + 68?
99
What is 13 - (-6 + (18 - 53) + 22)?
32
(-38 - -3) + -1 + (8 - (-11 + 21))
-38
What is the value of (-10 - -45 - (51 + 12)) + -37?
-65
Evaluate 7 + (-36 - -106) + -30 - -6.
53
Evaluate (-3 - -2) + 3 + 5 - (-102 - 6 - -126).
-11
What is the value of (-34 - 4) + 3 + 4 + (-1333 - -1318)?
-46
(3 + 1 - (-6 + 50)) + 5 + (-157 - -154)
-38
(-5 - (27 - 29)) + (-27 - -1)
-29
Calculate 2 + 3 - (-3 - ((-12 - -26) + 35 + 6)).
63
What is the value of (-8 + 4 - 84) + (47 - 29) + -5?
-75
What is the value of (-39 - -57 - 7) + -20 - (1 - 16) - -24?
30
What is the value of 100 + 30 - (171 + -35)?
-6
(27 - -1) + (-37 - -18) - (2 - 21 - 0)
28
What is the value of 73 + -147 - -46 - 16?
-44
Evaluate -54 - (39 + -12 - -11 - 46).
-46
Calculate (-89 - -50) + 53 - (0 - -15).
-1
What is -19 + (-101 - -65 - -5)?
-50
What is the value of 17515 + -17540 + (0 + 0 + 0 - 10)?
-35
What is 47 - (36 + -115 - -39 - -13)?
74
Calculate (35 - -53) + (-86 - -19).
21
What is the value of (-8 - -2 - 5) + (364 - 384)?
-31
What is -4 + 20 + -3 - (107 - (5 + -36 + 27))?
-98
-18 + (26 - (0 - 3)) + (-222 - -202)
-9
Evaluate -144 + 207 + -51 + (-1 - (3 + -51)).
59
Evaluate (-19 - -68) + -20 - (20 - 0).
9
-15 + (11 - -11 - 13 - 16 - -10)
-12
-14 + (0 + -5 + -17 - (17 - 9))
-44
(52 + -67 - -41) + -40
-14
1 - -50 - ((-13 - -33) + 35 + -40)
36
Evaluate (2 - -93) + 2643 + -2663.
75
(0 - 7) + 25 + 4 + -76 + 38
-16
What is 10 - (5 + (17 - 17) - 41)?
46
-61 + (13 - (-10 + 25) - (18 - -5))
-86
What is 41 - -63 - (136 - 93)?
61
Evaluate (-43 + -2 - 13) + -15 + (9 - -15).
-49
What is the value of 20 + (-21 - (-11 + -31 + 3))?
38
What is the value of (-9 - 7) + -325 + 356?
15
Calculate (1 - (21 - -35)) + (160 - 198).
-93
Calculate (1 - 27) + -76 + 13 + 59.
-30
What is the value of -231 + 233 + (1 - (4 - -1)) + 9?
7
What is the value of -79 + (-45 - -130) - 70?
-64
Evaluate -1 - -6 - (-59 - (-47 + -24)).
-7
Calculate -111 + 27 + -7 + 6 - 30.
-115
Evaluate 83 - (-16 - -53) - 9.
37
What is the value of 48 + (-71 - (-63 - 81))?
121
Calculate -74 + (-33 - -174) + (1 - 0) + (1 - 17).
52
What is the value of (16 + -13 - (3 + 0)) + 52 + 7?
59
What is the value of -27 - -34 - ((4 - (3 + 31)) + 8)?
29
What is the value of (9 - (-11 + 8 + (2 - -3))) + 2 + -8?
1
What is -21 + 3 - (25 + -41) - -4?
2
Evaluate (83676 - 83661) + (113 - (1 - 0)).
127
What is (16 - 9) + -1 + (1 - 34 - (-28 - -37))?
-36
Evaluate (-109 - -55 - -147) + -44 + 5 + 1.
55
Evaluate 131 + -4 + -5 - (-11 + 20).
113
What is 233 - 116 - (-15 - 2) - 47?
87
Evaluate 3 + -9 + 22 + -7 + -3.
6
489 + -476 - (0 - (-3 + 5) - -17)
-2
What is the value of (17 - (32 - 28)) + (-3 - -10)?
20
What is the value of 46 + (-1 - (-26 + 20) - 8)?
43
What is the value of 0 + -20 - (-25 - (22 - 22))?
5
Calculate (36 - -1) + 1286 + -1252.
71
Calculate 6091 + -6194 - (1 + 17).
-121
20 + (-10 - -17) - 52 - (1 + 3)
-29
Evaluate (85 - -1) + (-1206 - -1211) + -5.
86
Calculate -217 - -244 - (-29 - 1).
57
What is 3 + -60 + (-3 - -8 - (-6 + 9 - -14))?
-69
What is -10 + 2 - ((12 - -1) + 36 + -40 - 25)?
8
What is -6 + (128 - (12 + 1 - 28 - -10 - -14))?
113
What is the value of 10 - ((18 - 39) + 33 - (-5 - -48))?
41
Calculate (1 + -1 - 49) + -388 + (-54 - -457).
-34
Calculate -4 - 2 - (-12 - (-10 - -16) - -21) - 92.
-101
What is -21 - (-6 - (-24 - -24) - -15)?
-30
17 + 80 + (4 - 9) + -3 + 22
111
Calculate 39 + -2 + 0 + -1 + 10 + -2.
44
What is the value of 6 + -21 + (-400 - -370)?
-45
What is the value of 82 + (104 - 124 - -45)?
107
What is the value of 29 - (-24 + -14 + 34 - (10 + 3))?
46
Evaluate (-93 - -88) + 32 - -8.
35
-2 + (1 - -73) - (19 + 16 + -13 + -14)
64
-35 + 34 + -11 + -16 + 5
-23
What is (49 - 130) + 127 - 50?
-4
Evaluate 26 + (-44 - 33) + 28 - -99.
76
9 - (-43 - (-6 + -64))
-18
Calculate (-36 - (5 + -24)) + -2 + 22 - 42.
-39
Evaluate 157 - (-2 + -37 + (565 - 490)).
121
1 + -15 - (-16 + -14 + -2 + 19) - -17
16
-7 + 0 + (7 - (-7 + 15 + -5 + 1))
-4
Calculate 73 + -9 + 11 + -10 + 3 + 0 - 9.
59
What is -5 + 14 + 2 + (19 - (-3 + 32))?
1
Calculate -3 + -46 + (47 - -33).
31
Calculate 5 + -26 - (-9 - 2) - (-8 + -3).
1
What is the value of 25 - 38 - (-213 + 258)?
-58
-12 - -6 - 13 - (-38 - -40)
-21
Evaluate -51 - (86 - (8 + 103)).
-26
-8 + 2 + -1 - (5445 + -5410)
-42
Calculate (-9 - 2) + 21 - 3 - (4 - (-3 + 6)).
6
What is -59 + 25 + 24 + -16?
-26
Calculate -225 + 207 - (-1 + -13) - (17 + -1).
-20
Calculate 24 - (2 - 8 - (-104 - -80)).
6
-61 - ((14 - 28 - -1) + 18 + -23)
-43
What is the value of -30 + (23 - 1 - (333 + -281))?
-60
-19 - ((-9 - (-5 + 0)) + 14 - (-2 + 8))
-23
Calculate -23 + 112 + -42 - 12.
35
Calculate 12 + 23 + -9 + -48.
-22
What is the value of -3 + -6 - 6 - (-9 - (-39 - -5))?
-40
What is the value of -160 + -58 + 97 - -48?
-73
Calculate -56 + 93 + -34 - 8.
-5
Calculate (1 - -25 - -1) + (103 + -54 + -78 - -37).
35
What is -148 + (7 - -28 - (-4 + -2)) + -22?
-129
Calculate (-1 - -4 - -1) + 2 - (-90 - -147 - -15).
-66
(5 - -51 - 47) + (-5 - -70)
74
What is -5 + 0 + 37 + (4 - (30 + -9)) + -17?
-2
What is the value of 7 + -77 + 69 - (1 - -2 - 15)?
11
What is the value of -23 - (-24 + 59 + -26)?
-32
Calculate (20 - (10 - (-22 - -15))) + 6 - (-60 + 1).
68
Calculate -50 + (8 - -24 - (-3 + 9) - (-22 + 35)).
-37
(39 - (10 + (54 - 26))) + 0 + -19
-18
What is (-5 - (132 - 59)) + -30?
-108
What is 34 + (15 - (10 + 3 + -7 + 16))?
27
What is the value of -8 - 27 - -69 - (-2 - -57)?
-21
Calculate 15 + (-25 - -80) + -73 + (1 - 10).
-12
-2 - 18 - (113 - (236 - 121))
-18
13 + -7 - (-5 + -8 + -14)
33
Evaluate -12 + (3 - 2) + (11 - 1 - -19).
18
Evaluate -1 + (5 - 48) - (11 - (17 + -10)).
-48
What is the value of -249 + 244 + 20 + 2 + -80 + -22?
-85
What is the value of -58 - 2 - (-2 - (42 + -29))?
-45
Calculate 2 + (56 - 156) + 49.
-49
-6 - ((-51 - (9 + -15)) + -1)
40
What is the value of 42 - -1 - (-9 + 15)?
37
Calculate (-8 + -8 - -5 - (-94 - (-4 + 2))) + -2.
79
Calculate 20 - 5 - -27 - 37.
5
What is 39 - -2 - (-34 + 13 - -18)?
44
Evaluate -18 - (3 - (7 + -7 + (-30 - -26))).
-25
What is the value of -40 - (-1 + 2) - (-142 - -209 - 72)?
-36
-9 + 45 + -13 + 25
48
What is (-2 - (2 - -9)) + -171 + 173 - (-6 - 1)?
-4
Calculate -28 - (11 - (16 - 49)).
-72
Evaluate -23 + 71 + -17 + -62 - -38.
7
What is 39 + -20 + -77 + -43?
-101
Calculate -2 - (69 - -4) - (47 + (-28 - 21)).
-73
Evaluate 3 - (-6 - -3) - (21 + -15 - (-81 + -2)).
-83
Evaluate -498 + 481 + (0 - 40).
-57
(32 - (38 - 32)) + -24 + (0 - 1) + -37
-36
What is the value of 7